[INFO] cloning repository https://github.com/edchapman88/pi-4-embedded-rust
[INFO] running `Command { std: "git" "-c" "credential.helper=" "-c" "credential.helper=/workspace/cargo-home/bin/git-credential-null" "clone" "--bare" "https://github.com/edchapman88/pi-4-embedded-rust" "/workspace/cache/git-repos/https%3A%2F%2Fgithub.com%2Fedchapman88%2Fpi-4-embedded-rust", kill_on_drop: false }`
[INFO] [stderr] Cloning into bare repository '/workspace/cache/git-repos/https%3A%2F%2Fgithub.com%2Fedchapman88%2Fpi-4-embedded-rust'...
[INFO] running `Command { std: "git" "rev-parse" "HEAD", kill_on_drop: false }`
[INFO] [stdout] df7151af54af5a33a9c27dd5885b8f6980822da7
[INFO] checking edchapman88/pi-4-embedded-rust against 40527f3e444fde1deb361751bdef9b9e11d1b971+rustflags=--cfg crater_hack --force-warn invalid-c-variadic-arguments for pr-162478
[INFO] running `Command { std: "git" "clone" "/workspace/cache/git-repos/https%3A%2F%2Fgithub.com%2Fedchapman88%2Fpi-4-embedded-rust" "/workspace/builds/worker-7-tc2/source", kill_on_drop: false }`
[INFO] [stderr] Cloning into '/workspace/builds/worker-7-tc2/source'...
[INFO] [stderr] done.
[INFO] removed /workspace/builds/worker-7-tc2/source/rust-toolchain.toml
[INFO] started tweaking git repo https://github.com/edchapman88/pi-4-embedded-rust
[INFO] finished tweaking git repo https://github.com/edchapman88/pi-4-embedded-rust
[INFO] tweaked toml for git repo https://github.com/edchapman88/pi-4-embedded-rust written to /workspace/builds/worker-7-tc2/source/Cargo.toml
[INFO] validating manifest of git repo https://github.com/edchapman88/pi-4-embedded-rust on toolchain 40527f3e444fde1deb361751bdef9b9e11d1b971
[INFO] running `Command { std: CARGO_HOME="/workspace/cargo-home" RUSTUP_HOME="/workspace/rustup-home" "/workspace/cargo-home/bin/cargo" "+40527f3e444fde1deb361751bdef9b9e11d1b971" "metadata" "--manifest-path" "Cargo.toml" "--no-deps", kill_on_drop: false }`
[INFO] crate git repo https://github.com/edchapman88/pi-4-embedded-rust already has a lockfile, it will not be regenerated
[INFO] running `Command { std: CARGO_HOME="/workspace/cargo-home" RUSTUP_HOME="/workspace/rustup-home" "/workspace/cargo-home/bin/cargo" "+40527f3e444fde1deb361751bdef9b9e11d1b971" "fetch" "--manifest-path" "Cargo.toml", kill_on_drop: false }`
[INFO] [stderr]     Blocking waiting for file lock on package cache
[INFO] [stderr]     Blocking waiting for file lock on package cache
[INFO] [stderr]  Downloading crates ...
[INFO] [stderr]   Downloaded aarch64-cpu v9.3.1
[INFO] [stderr]   Downloaded tock-registers v0.8.1
[INFO] running `Command { std: "docker" "create" "-v" "/var/lib/crater-agent-workspace/builds/worker-7-tc2/source:/opt/rustwide/workdir:ro,Z" "-v" "/var/lib/crater-agent-workspace/builds/worker-7-tc2/target:/opt/rustwide/target:rw,Z" "-v" "/var/lib/crater-agent-workspace/cargo-home:/opt/rustwide/cargo-home:ro,Z" "-v" "/var/lib/crater-agent-workspace/rustup-home:/opt/rustwide/rustup-home:ro,Z" "-m" "1610612736" "--network" "none" "ghcr.io/rust-lang/crates-build-env/linux@sha256:8683fc1fc2eb5c9ac98e0d076ab094b2ffac7f99da555d2b6a2e27f346de2ec7" "sleep" "infinity", kill_on_drop: false }`
[INFO] [stdout] a0b28032cba06ad6be3d49a600e23385f853a6c0c8d57007aeb4db27d38a1783
[INFO] running `Command { std: "docker" "start" "a0b28032cba06ad6be3d49a600e23385f853a6c0c8d57007aeb4db27d38a1783", kill_on_drop: false }`
[INFO] running `Command { std: "docker" "inspect" "a0b28032cba06ad6be3d49a600e23385f853a6c0c8d57007aeb4db27d38a1783", kill_on_drop: false }`
[INFO] running `Command { std: "docker" "exec" "-e" "SOURCE_DIR=/opt/rustwide/workdir" "-e" "CARGO_HOME=/opt/rustwide/cargo-home" "-e" "RUSTUP_HOME=/opt/rustwide/rustup-home" "-e" "CARGO_TARGET_DIR=/opt/rustwide/target" "-w" "/opt/rustwide/workdir" "--user" "0:0" "a0b28032cba06ad6be3d49a600e23385f853a6c0c8d57007aeb4db27d38a1783" "/opt/rustwide/cargo-home/bin/cargo" "+40527f3e444fde1deb361751bdef9b9e11d1b971" "metadata" "--no-deps" "--format-version=1", kill_on_drop: false }`
[INFO] running `Command { std: "docker" "inspect" "a0b28032cba06ad6be3d49a600e23385f853a6c0c8d57007aeb4db27d38a1783", kill_on_drop: false }`
[INFO] running `Command { std: "docker" "exec" "-e" "SOURCE_DIR=/opt/rustwide/workdir" "-e" "CARGO_HOME=/opt/rustwide/cargo-home" "-e" "RUSTUP_HOME=/opt/rustwide/rustup-home" "-e" "CARGO_TARGET_DIR=/opt/rustwide/target" "-e" "CARGO_INCREMENTAL=0" "-e" "RUST_BACKTRACE=full" "-e" "RUSTFLAGS=--cap-lints=forbid --cfg crater_hack --force-warn invalid-c-variadic-arguments" "-e" "RUSTDOCFLAGS=--cap-lints=forbid" "-w" "/opt/rustwide/workdir" "--user" "0:0" "a0b28032cba06ad6be3d49a600e23385f853a6c0c8d57007aeb4db27d38a1783" "/opt/rustwide/cargo-home/bin/cargo" "+40527f3e444fde1deb361751bdef9b9e11d1b971" "check" "--frozen" "--all" "--all-targets" "--message-format=json", kill_on_drop: false }`
[INFO] [stderr]     Checking pi-4-embedded-rust v0.1.0 (/opt/rustwide/workdir)
[INFO] [stdout] error[E0432]: unresolved import `arch_cpu`
[INFO] [stdout]  --> src/cpu.rs:7:9
[INFO] [stdout]   |
[INFO] [stdout] 7 | pub use arch_cpu::wait_forever;
[INFO] [stdout]   |         ^^^^^^^^ use of unresolved module or unlinked crate `arch_cpu`
[INFO] [stdout]   |
[INFO] [stdout]   = help: if you wanted to use a crate named `arch_cpu`, use `cargo add arch_cpu` to add it to your `Cargo.toml`
[INFO] [stdout] 
[INFO] [stdout] 
[INFO] [stdout] error[E0432]: unresolved import `arch_cpu`
[INFO] [stdout]  --> src/cpu.rs:7:9
[INFO] [stdout]   |
[INFO] [stdout] 7 | pub use arch_cpu::wait_forever;
[INFO] [stdout]   |         ^^^^^^^^ use of unresolved module or unlinked crate `arch_cpu`
[INFO] [stdout]   |
[INFO] [stdout]   = help: if you wanted to use a crate named `arch_cpu`, use `cargo add arch_cpu` to add it to your `Cargo.toml`
[INFO] [stdout] 
[INFO] [stdout] 
[INFO] [stdout] warning: unused import: `raspberrypi::*`
[INFO] [stdout]  --> src/bsp.rs:7:9
[INFO] [stdout]   |
[INFO] [stdout] 7 | pub use raspberrypi::*;
[INFO] [stdout]   |         ^^^^^^^^^^^^^^
[INFO] [stdout]   |
[INFO] [stdout]   = note: `#[warn(unused_imports)]` (part of `#[warn(unused)]`) on by default
[INFO] [stdout] 
[INFO] [stdout] 
[INFO] [stdout] warning: unused import: `raspberrypi::*`
[INFO] [stdout]  --> src/bsp.rs:7:9
[INFO] [stdout]   |
[INFO] [stdout] 7 | pub use raspberrypi::*;
[INFO] [stdout]   |         ^^^^^^^^^^^^^^
[INFO] [stdout]   |
[INFO] [stdout]   = note: `#[warn(unused_imports)]` (part of `#[warn(unused)]`) on by default
[INFO] [stdout] 
[INFO] [stdout] 
[INFO] [stdout] error: unwinding panics are not supported without std
[INFO] [stdout]   |
[INFO] [stdout]   = help: using nightly cargo, use -Zbuild-std with panic="abort" to avoid unwinding
[INFO] [stdout]   = note: since the core library is usually precompiled with panic="unwind", rebuilding your crate with panic="abort" may not be enough to fix the problem
[INFO] [stdout] 
[INFO] [stdout] 
[INFO] [stdout] error[E0152]: found duplicate lang item `panic_impl`
[INFO] [stdout]  --> src/panic_wait.rs:6:1
[INFO] [stdout]   |
[INFO] [stdout] 6 | / fn panic(_info: &PanicInfo) -> ! {
[INFO] [stdout] 7 | |     wait_forever()
[INFO] [stdout] 8 | | }
[INFO] [stdout]   | |_^
[INFO] [stdout]   |
[INFO] [stdout]   = note: the lang item is first defined in crate `std` (which `test` depends on)
[INFO] [stdout]   = note: first definition in `std` loaded from /opt/rustwide/rustup-home/toolchains/40527f3e444fde1deb361751bdef9b9e11d1b971/lib/rustlib/x86_64-unknown-linux-gnu/lib/libstd-453218b5e9634890.rmeta
[INFO] [stdout]   = note: second definition in the local crate (`kernel`)
[INFO] [stdout] 
[INFO] [stdout] 
[INFO] [stdout] warning: the feature `asm_const` has been stable since 1.82.0 and no longer requires an attribute to enable
[INFO] [stdout]  --> src/main.rs:5:12
[INFO] [stdout]   |
[INFO] [stdout] 5 | #![feature(asm_const)]
[INFO] [stdout]   |            ^^^^^^^^^
[INFO] [stdout]   |
[INFO] [stdout]   = note: `#[warn(stable_features)]` on by default
[INFO] [stdout] 
[INFO] [stdout] 
[INFO] [stdout] Some errors have detailed explanations: E0152, E0432.
[INFO] [stdout] 
[INFO] [stdout] For more information about an error, try `rustc --explain E0152`.
[INFO] [stdout] 
[INFO] [stdout] For more information about this error, try `rustc --explain E0432`.
[INFO] [stdout] 
[INFO] [stderr] error: could not compile `pi-4-embedded-rust` (bin "kernel" test) due to 2 previous errors; 1 warning emitted
[INFO] [stderr] warning: build failed, waiting for other jobs to finish...
[INFO] [stderr] error: could not compile `pi-4-embedded-rust` (bin "kernel") due to 2 previous errors; 2 warnings emitted
[INFO] running `Command { std: "docker" "inspect" "a0b28032cba06ad6be3d49a600e23385f853a6c0c8d57007aeb4db27d38a1783", kill_on_drop: false }`
[INFO] running `Command { std: "docker" "rm" "-f" "a0b28032cba06ad6be3d49a600e23385f853a6c0c8d57007aeb4db27d38a1783", kill_on_drop: false }`
[INFO] [stdout] a0b28032cba06ad6be3d49a600e23385f853a6c0c8d57007aeb4db27d38a1783
